by 859?
405
What is the remainder when 5335 is divided by 33?
22
What is the remainder when 321 is divided by 98?
27
What is the remainder when 72385 is divided by 36179?
27
What is the remainder when 1162 is divided by 215?
87
Calculate the remainder when 51501 is divided by 51473.
28
What is the remainder when 9638 is divided by 871?
57
What is the remainder when 7317 is divided by 22?
13
What is the remainder when 460239 is divided by 259?
255
Calculate the remainder when 44087 is divided by 66.
65
What is the remainder when 2104298 is divided by 747?
746
Calculate the remainder when 3860 is divided by 3736.
124
What is the remainder when 40852 is divided by 153?
1
Calculate the remainder when 825 is divided by 72.
33
What is the remainder when 191177 is divided by 47790?
17
Calculate the remainder when 12297 is divided by 12.
9
What is the remainder when 13030 is divided by 540?
70
What is the remainder when 529495 is divided by 30?
25
Calculate the remainder when 25909 is divided by 25880.
29
Calculate the remainder when 1003 is divided by 499.
5
What is the remainder when 10481 is divided by 1760?
1681
Calculate the remainder when 118643 is divided by 59319.
5
Calculate the remainder when 1139032 is divided by 1451.
1448
What is the remainder when 898 is divided by 857?
41
Calculate the remainder when 1484 is divided by 738.
8
What is the remainder when 2303 is divided by 18?
17
Calculate the remainder when 3982 is divided by 57.
49
What is the remainder when 123056 is divided by 99?
98
Calculate the remainder when 884437 is divided by 163.
162
What is the remainder when 18889 is divided by 32?
9
What is the remainder when 2150 is divided by 696?
62
Calculate the remainder when 13839 is divided by 284.
207
Calculate the remainder when 18733 is divided by 18663.
70
What is the remainder when 56374 is divided by 11?
10
Calculate the remainder when 1559 is divided by 25.
9
Calculate the remainder when 3272 is divided by 829.
785
Calculate the remainder when 2676 is divided by 556.
452
Calculate the remainder when 102611 is divided by 1006.
1005
Calculate the remainder when 6633 is divided by 73.
63
What is the remainder when 19217 is divided by 564?
41
What is the remainder when 10236 is divided by 133?
128
What is the remainder when 371392 is divided by 4?
0
What is the remainder when 54854 is divided by 16?
6
Calculate the remainder when 9962 is divided by 626.
572
Calculate the remainder when 27555 is divided by 9129.
168
Calculate the remainder when 176217 is divided by 17.
12
What is the remainder when 319399 is divided by 619?
614
What is the remainder when 1755426 is divided by 1458?
1452
Calculate the remainder when 296913 is divided by 796.
5
Calculate the remainder when 9598 is divided by 188.
10
What is the remainder when 30424 is divided by 10138?
10
What is the remainder when 2284 is divided by 739?
67
What is the remainder when 31755 is divided by 306?
237
What is the remainder when 163151 is divided by 27190?
11
Calculate the remainder when 1631 is divided by 1630.
1
Calculate the remainder when 25141 is divided by 28.
25
What is the remainder when 2166 is divided by 1039?
88
Calculate the remainder when 7752 is divided by 425.
102
What is the remainder when 53040 is divided by 159?
93
Calculate the remainder when 2845 is divided by 476.
465
What is the remainder when 10994 is divided by 128?
114
What is the remainder when 34047 is divided by 64?
63
What is the remainder when 296871 is divided by 135?
6
Calculate the remainder when 3784 is divided by 224.
200
What is the remainder when 3871 is divided by 3805?
66
What is the remainder when 30999 is divided by 1148?
3
What is the remainder when 2733 is divided by 48?
45
What is the remainder when 13057 is divided by 13031?
26
Calculate the remainder when 2245 is divided by 619.
388
Calculate the remainder when 31054 is divided by 57.
46
What is the remainder when 2521 is divided by 52?
25
What is the remainder when 14995 is divided by 2180?
1915
What is the remainder when 111197 is divided by 1390?
1387
Calculate the remainder when 26716 is divided by 394.
318
Calculate the remainder when 812640 is divided by 122.
120
Calculate the remainder when 2574 is divided by 260.
234
Calculate the remainder when 1092 is divided by 250.
92
Calculate the remainder when 15144 is divided by 5044.
12
Calculate the remainder when 19871 is divided by 568.
559
Calculate the remainder when 22876 is divided by 121.
7
What is the remainder when 1085 is divided by 182?
175
What is the remainder when 75216 is divided by 107?
102
What is the remainder when 5336 is divided by 757?
37
Calculate the remainder when 1353 is divided by 281.
229
What is the remainder when 695 is divided by 13?
6
Calculate the remainder when 510746 is divided by 37.
35
Calculate the remainder when 1389146 is divided by 490.
486
Calculate the remainder when 679 is divided by 649.
30
Calculate the remainder when 101057 is divided by 299.
294
What is the remainder when 98863 is divided by 57?
25
What is the remainder when 599 is divided by 280?
39
Calculate the remainder when 63871 is divided by 21286.
13
What is the remainder when 83422 is divided by 63?
10
Calculate the remainder when 33228 is divided by 29.
23
What is the remainder when 3040110 is divided by 14?
10
What is the remainder when 23513 is divided by 588?
581
Calculate the remainder when 12953 is divided by 17.
16
What is the remainder when 11997 is divided by 423?
153
What is the remainder when 3868 is divided by 1462?
944
What is the remainder when 12396 is divided by 2433?
231
Calculate the remainder when 3359 is divided by 3339.
20
What is the remainder when 263431 is divided by 13?
12
Calculate the remainder when 248029 is divided by 82663.
40
Calculate the remainder when 2012 is divided by 42.
38
Calculate the remainder when 32854 is divided by 49.
24
What is the remainder when 117155 is divided by 909?
803
Calculate the remainder when 158507 is divided by 87.
80
What is the remainder when 861312 is divided by 305?
297
Calculate the remainder when 32693 is divided by 85.
53
What is the remainder when 43522 is divided by 155?
122
What is the remainder when 1228085 is divided by 49?
47
What is the remainder when 26317 is divided by 405?
397
What is the remainder when 6359 is divided by 74?
69
Calculate the remainder when 30165 is divided by 967.
188
Calculate the remainder when 1426 is divided by 124.
62
Calculate the remainder when 683 is divided by 363.
320
What is the remainder when 10299 is divided by 67?
48
Calculate the remainder when 5092 is divided by 351.
178
Calculate the remainder when 24349 is divided by 141.
97
Calculate the remainder when 22769 is divided by 200.
169
What is the remainder when 102748 is divided by 8?
4
What is the remainder when 73255 is divided by 916?
891
Calculate the remainder when 1549879 is divided by 13.
6
What is the remainder when 1569 is divided by 35?
29
Calculate the remainder when 1488 is divided by 223.
150
What is the remainder when 144415 is divided by 69?
67
Calculate the remainder when 53039 is divided by 15.
14
Calculate the remainder when 4178 is divided by 522.
2
Calculate the remainder when 109299 is divided by 28.
15
What is the remainder when 1441598 is divided by 72079?
18
What is the remainder when 20181 is divided by 35?
21
What is the remainder when 37682 is divided by 52?
34
What is the remainder when 28574 is divided by 5491?
1119
Calculate the remainder when 364826 is divided by 10.
6
What is the remainder when 14390 is divided by 148?
34
Calculate the remainder when 59022 is divided by 75.
72
What is the remainder when 548483 is divided by 187?
12
Calculate the remainder when 294335 is divided by 43.
0
Calculate the remainder when 2856 is divided by 412.
384
Calculate the remainder when 179487 is divided by 751.
749
Calculate the remainder when 63875 is divided by 18.
11
Calculate the remainder when 82822 is divided by 5915.
12
Calculate the remainder when 23497 is divided by 5863.
45
Calculate the remainder when 6783 is divided by 8.
7
Calculate the remainder when 3990 is divided by 2956.
1034
Calculate the remainder when 47132 is divided by 402.
98
What is the remainder when 2139 is divided 